{"id":617,"date":"2015-03-04T18:11:08","date_gmt":"2015-03-04T18:11:08","guid":{"rendered":"http:\/\/www.lcasandiego.com\/staging\/?page_id=617"},"modified":"2022-01-28T01:04:18","modified_gmt":"2022-01-28T01:04:18","slug":"overview-spanish","status":"publish","type":"page","link":"https:\/\/www.lcasandiego.com\/staging\/overview-spanish\/","title":{"rendered":"Clinica para eliminar piojos | Lice Consultants and Associates San Diego"},"content":{"rendered":"<div class=\"flex_column av_three_fifth  flex_column_div first  avia-builder-el-0  el_before_av_two_fifth  avia-builder-el-first  \" ><p><div  class='avia-image-container  av-styling-    avia-builder-el-1  el_before_av_textblock  avia-builder-el-first  avia-align-center '  itemprop=\"image\" itemscope=\"itemscope\" itemtype=\"https:\/\/schema.org\/ImageObject\"  ><div class='avia-image-container-inner'><div class='avia-image-overlay-wrap'><img class='avia_image' src='https:\/\/www.lcasandiego.com\/staging\/wp-content\/uploads\/2022\/01\/Depositphotos_11312412_S.jpg' alt='' title='Summer relaxing' height=\"667\" width=\"1000\"  itemprop=\"thumbnailUrl\"  \/><\/div><\/div><\/div><br \/>\n<section class=\"av_textblock_section \"  itemscope=\"itemscope\" itemtype=\"https:\/\/schema.org\/CreativeWork\" ><div class='avia_textblock  '   itemprop=\"text\" ><h4 style=\"text-align: center;\">\u201cCura Urgente para Eliminar los Piojos, sin t\u00f3xicos! \u201d<br \/>\nTr\u00e1tese para los piojos HOY!<br \/>\nLl\u00e1menos 619-771-9988<\/h4>\n<\/div><\/section><br \/>\n<div  style='height:25px' class='hr hr-invisible   avia-builder-el-3  el_after_av_textblock  el_before_av_textblock '><span class='hr-inner ' ><span class='hr-inner-style'><\/span><\/span><\/div><br \/>\n<section class=\"av_textblock_section \"  itemscope=\"itemscope\" itemtype=\"https:\/\/schema.org\/CreativeWork\" ><div class='avia_textblock  '   itemprop=\"text\" ><p>En Lice Consultants and Associates (LCA) estamos comprometidos a proveer tratamientos para eliminar los piojos rapida y efectivamente en San Diego, California. Nuestro tratamiento utiliza una maquina medica que mata los huevos y esta clinicamente testada para matar todas las etapas de los piojos a trav\u00e9s de\u00a0 <strong>aire caliente controlado.<\/strong> Este m\u00e9todo es seguro, rapido y altamente efectivo para todo tipo de infestaciones, incluyendo las m\u00e1s severas.<\/p>\n<p>Aunque normalmente las infestaciones de piojos son m\u00e1s comunes en ni\u00f1os, tambi\u00e9n tratamos a adultos. En LCA San Diego, nos dedicamos a quitar los piojos de manera profesional y entendemos su situaci\u00f3n; \u00a0 nuestras cl\u00ednicas estan dedicadas a proveer el mejor servicio para su situaci\u00f3n, para poder eliminar los piojos, sin dolor y permanentemente.<\/p>\n<p>Con este tratamiento natural, aprovado por la FDA le ofrecemos una pol\u00edtica de re-tratamiento ya que sabemos que aunque el tratamiento mate todos los piojos y las liendres, usted podria tener piojos de nuevo a traves de otra persona infestada.<strong> Ofrecemos tratamientos para todos los tipos de presupuesto<\/strong>; si usted prefiere hacerlo en casa, le recomendamos que compre nuestros productos profesionales, ya que no tienen t\u00f3xicos ni pesticidas y podra matar los piojos de manera segura y eficaz. Le invitamos a llamarnos y conocer m\u00e1s sobre nuestros servicios y productos.<\/p>\n<\/div><\/section><br \/>\n<div   class='hr hr-default   avia-builder-el-5  el_after_av_textblock  el_before_av_heading '><span class='hr-inner ' ><span class='hr-inner-style'><\/span><\/span><\/div><br \/>\n<div  style='padding-bottom:0px; color:#0071ce;' class='av-special-heading av-special-heading-h3 custom-color-heading blockquote modern-quote  avia-builder-el-6  el_after_av_hr  el_before_av_hr  '><h3 class='av-special-heading-tag '  itemprop=\"headline\"  >Nuestros Servicios<\/h3><div class='special-heading-border'><div class='special-heading-inner-border' style='border-color:#0071ce'><\/div><\/div><\/div><br \/>\n<div  style='height:1px; margin-top:-25px'  class='hr hr-invisible   avia-builder-el-7  el_after_av_heading  el_before_av_promobox '><span class='hr-inner ' ><span class='hr-inner-style'><\/span><\/span><\/div><br \/>\n\t<div  style='color:#ffffff;' class='av_promobox  avia-button-no   avia-builder-el-8  el_after_av_hr  el_before_av_hr '>\t\t<div class='avia-promocontent'><\/p>\n<p style=\"padding-left: 30px;\">\u2022 Chequeo y consulta profesional con cada tratamiento<br \/>\n\u2022 Tratamiento para piojos realizado por t\u00e9cnicos certificados<br \/>\n\u2022 Sin T\u00f3xicos ni pesticidas y con pol\u00edtica de <em>Re-tratamiento<\/em><\/p>\n<p>\n<\/div><\/div><br \/>\n<div   class='hr hr-default   avia-builder-el-9  el_after_av_promobox  el_before_av_heading '><span class='hr-inner ' ><span class='hr-inner-style'><\/span><\/span><\/div><br \/>\n<div  style='padding-bottom:0px; color:#0071ce;' class='av-special-heading av-special-heading-h3 custom-color-heading blockquote modern-quote  avia-builder-el-10  el_after_av_hr  el_before_av_hr  '><h3 class='av-special-heading-tag '  itemprop=\"headline\"  >Nuestra Pol\u00edtica de Re-Tratamiento<\/h3><div class='special-heading-border'><div class='special-heading-inner-border' style='border-color:#0071ce'><\/div><\/div><\/div><br \/>\n<div  style='height:1px; margin-top:-25px'  class='hr hr-invisible   avia-builder-el-11  el_after_av_heading  el_before_av_promobox '><span class='hr-inner ' ><span class='hr-inner-style'><\/span><\/span><\/div><br \/>\n\t<div  style='color:#ffffff;' class='av_promobox  avia-button-no   avia-builder-el-12  el_after_av_hr  el_before_av_hr '>\t\t<div class='avia-promocontent'><\/p>\n<p style=\"padding-left: 30px;\">\u2022 Tratamiento efectivo usando nuestro tratamiento completo<br \/>\n\u2022 Tratamiento completado en 1 hora<sup>1<\/sup><br \/>\n\u2022\u00a0 30-dias de pol\u00edtica de re-tratamiento (all family members must be screened)<br \/>\n\u2022 \u00ae mata los piojos y 99.2% de las liendres en una hora o menos<span style=\"margin: 0px; line-height: 107%; font-family: 'Calibri',sans-serif; font-size: 11pt;\"><span style=\"color: #000000;\">\ua673<\/span><\/span><\/p>\n<p style=\"font-size: 10px; text-align: right;\"><sup>1<\/sup>El tiempo total puede variar.<\/p>\n<p>\n<\/div><\/div><br \/>\n<div   class='hr hr-default   avia-builder-el-13  el_after_av_promobox  el_before_av_heading '><span class='hr-inner ' ><span class='hr-inner-style'><\/span><\/span><\/div><br \/>\n<div  style='padding-bottom:0px; color:#0071ce;' class='av-special-heading av-special-heading-h3 custom-color-heading blockquote modern-quote  avia-builder-el-14  el_after_av_hr  el_before_av_hr  '><h3 class='av-special-heading-tag '  itemprop=\"headline\"  >M\u00e0s acerca de LCA San Diego<\/h3><div class='special-heading-border'><div class='special-heading-inner-border' style='border-color:#0071ce'><\/div><\/div><\/div><br \/>\n<div  style='height:25px' class='hr hr-invisible   avia-builder-el-15  el_after_av_heading  avia-builder-el-last '><span class='hr-inner ' ><span class='hr-inner-style'><\/span><\/span><\/div><\/p><\/div><div class=\"flex_column av_two_fifth  flex_column_div av-zero-column-padding   avia-builder-el-16  el_after_av_three_fifth  avia-builder-el-last  \" style='border-radius:0px; '><section class=\"av_textblock_section \"  itemscope=\"itemscope\" itemtype=\"https:\/\/schema.org\/CreativeWork\" ><div class='avia_textblock  '   itemprop=\"text\" ><h1 style=\"text-align: center;\">Eliminamos los piojos y sus huevos AHORA!<br \/>\n<span style=\"color: #0091d0;\"><br \/>\nRAPIDO, FACIL, CITAS EL MISMO DIA!<\/span><br \/>\n<span style=\"color: #000000;\"><br \/>\nLlame 619-771-9988<\/span><\/h1>\n<\/div><\/section><br \/>\n<div   class='hr hr-default   avia-builder-el-18  el_after_av_textblock  el_before_av_notification '><span class='hr-inner ' ><span class='hr-inner-style'><\/span><\/span><\/div><br \/>\n<div id='avia-messagebox-'style='background-color:#0091d0; color:#ffffff; ' class='avia_message_box  avia-color-custom avia-size-large avia-icon_select-no avia-border-solid  avia-builder-el-19  el_after_av_hr  el_before_av_notification '><div class='avia_message_box_content' ><p>Chequeo GRATIS con tratamiento<\/p>\n<\/div><\/div><br \/>\n<div id='avia-messagebox-'style='background-color:#0091d0; color:#ffffff; ' class='avia_message_box  avia-color-custom avia-size-large avia-icon_select-no avia-border-solid  avia-builder-el-20  el_after_av_notification  el_before_av_notification '><div class='avia_message_box_content' ><p>Mata los piojos y huevos<\/p>\n<\/div><\/div><br \/>\n<div id='avia-messagebox-'style='background-color:#0091d0; color:#ffffff; ' class='avia_message_box  avia-color-custom avia-size-large avia-icon_select-no avia-border-solid  avia-builder-el-21  el_after_av_notification  el_before_av_hr '><div class='avia_message_box_content' ><p>Tratamiento effectivo en solo UNA HORA<\/p>\n<\/div><\/div><br \/>\n<div   class='hr hr-default   avia-builder-el-22  el_after_av_notification  el_before_av_heading '><span class='hr-inner ' ><span class='hr-inner-style'><\/span><\/span><\/div><br \/>\n<div  style='padding-bottom:0px; color:#0071ce;' class='av-special-heading av-special-heading-h3 custom-color-heading blockquote modern-quote  avia-builder-el-23  el_after_av_hr  el_before_av_hr  '><h3 class='av-special-heading-tag '  itemprop=\"headline\"  >Tratamientos Profesionales Para Piojos. Cont\u00e1ctenos hoy para m\u00e1s informaci\u00f3n!<\/h3><div class='special-heading-border'><div class='special-heading-inner-border' style='border-color:#0071ce'><\/div><\/div><\/div><br \/>\n<div  style='height:25px' class='hr hr-invisible   avia-builder-el-24  el_after_av_heading  el_before_av_contact '><span class='hr-inner ' ><span class='hr-inner-style'><\/span><\/span><\/div><br \/>\n<form action=\"https:\/\/www.lcasandiego.com\/staging\/overview-spanish\/\" method=\"post\"  class=\"avia_ajax_form av-form-labels-visible   avia-builder-el-25  el_after_av_hr  el_before_av_hr   \" data-avia-form-id=\"1\" data-avia-redirect='' ><fieldset><p class='  first_form  form_element form_element_third' id='element_avia_1_1'><label for=\"avia_1_1\">First Name <abbr class=\"required\" title=\"required\">*<\/abbr><\/label> <input name=\"avia_1_1\" class=\"text_input is_empty\" type=\"text\" id=\"avia_1_1\" value=\"\" \/><\/p><p class='  form_element form_element_two_third' id='element_avia_2_1'><label for=\"avia_2_1\">Last Name <abbr class=\"required\" title=\"required\">*<\/abbr><\/label> <input name=\"avia_2_1\" class=\"text_input is_empty\" type=\"text\" id=\"avia_2_1\" value=\"\" \/><\/p><p class='  first_form  form_element form_fullwidth' id='element_avia_3_1'><label for=\"avia_3_1\">E-Mail <abbr class=\"required\" title=\"required\">*<\/abbr><\/label> <input name=\"avia_3_1\" class=\"text_input is_email\" type=\"text\" id=\"avia_3_1\" value=\"\" \/><\/p><p class='  first_form  form_element form_fullwidth' id='element_avia_4_1'><label for=\"avia_4_1\">Phone Number <abbr class=\"required\" title=\"required\">*<\/abbr><\/label> <input name=\"avia_4_1\" class=\"text_input is_phone\" type=\"text\" id=\"avia_4_1\" value=\"\" \/><\/p><p class='  first_form  form_element form_fullwidth av-last-visible-form-element' id='element_avia_5_1'><label for=\"avia_5_1\" class=\"textare_label hidden textare_label_avia_5_1\">Message <abbr class=\"required\" title=\"required\">*<\/abbr><\/label><textarea  name=\"avia_5_1\" class=\"text_area is_empty\" cols=\"40\" rows=\"7\" id=\"avia_5_1\" ><\/textarea><\/p><p class=\"hidden\"><input type=\"text\" name=\"avia_6_1\" class=\"hidden \" id=\"avia_6_1\" value=\"\" \/><\/p><p class=\"form_element \"><input type=\"hidden\" value=\"1\" name=\"avia_generated_form1\" \/><input type=\"submit\" value=\"Submit\" class=\"button\"  data-sending-label=\"Sending\"\/><\/p><\/fieldset><\/form><div id=\"ajaxresponse_1\" class=\"ajaxresponse ajaxresponse_1 hidden\"><\/div><br \/>\n<div  style='height:1px; margin-top:-25px'  class='hr hr-invisible   avia-builder-el-26  el_after_av_contact  el_before_av_hr '><span class='hr-inner ' ><span class='hr-inner-style'><\/span><\/span><\/div><br \/>\n<div   class='hr hr-default   avia-builder-el-27  el_after_av_hr  el_before_av_heading '><span class='hr-inner ' ><span class='hr-inner-style'><\/span><\/span><\/div><br \/>\n<div  style='padding-bottom:0px; color:#0071ce;' class='av-special-heading av-special-heading-h3 custom-color-heading blockquote modern-quote  avia-builder-el-28  el_after_av_hr  el_before_av_promobox  '><h3 class='av-special-heading-tag '  itemprop=\"headline\"  >Localizaciones<\/h3><div class='special-heading-border'><div class='special-heading-inner-border' style='border-color:#0071ce'><\/div><\/div><\/div><br \/>\n\t<div  style='color:#ffffff;' class='av_promobox  avia-button-no   avia-builder-el-29  el_after_av_heading  avia-builder-el-last '>\t\t<div class='avia-promocontent'><p>\n<span style=\"color: #fff; font-weight: bold;\"> Lice Consultants and Associates\u00a0 Orange County<\/span><\/p>\n<p>5380 Clairemont Mesa Blvd, Suite 200<br \/>\nSan Diego, CA 92117<\/p>\n<p>2236 Encinitas Blvd., Suite H<br \/>\nEncinitas, CA 92024 (858) 249-8337<\/p>\n<p>Lunes -Sabado 8 am &#8211; 8 pm<br \/>\nDomingo 10 am &#8211; 2 pm<\/p>\n<\/div><\/div><\/p><\/div>\n","protected":false},"excerpt":{"rendered":"","protected":false},"author":1,"featured_media":0,"parent":0,"menu_order":0,"comment_status":"closed","ping_status":"closed","template":"","meta":{"_links_to":"","_links_to_target":""},"yoast_head":"<!-- This site is optimized with the Yoast SEO plugin v18.0 - https:\/\/yoast.com\/wordpress\/plugins\/seo\/ -->\n<title>Carlsbad Head Lice Treatment - North County - Lice Consultants and Associates<\/title>\n<meta name=\"description\" content=\"We effectively remove nits and their eggs in one visit to our comfortable salon. Our methods are painless, chemical free and proven to work. Call today!\" \/>\n<meta name=\"robots\" content=\"index, follow, max-snippet:-1, max-image-preview:large, max-video-preview:-1\" \/>\n<link rel=\"canonical\" href=\"https:\/\/www.lcasandiego.com\/staging\/overview-spanish\/\" \/>\n<meta property=\"og:locale\" content=\"en_US\" \/>\n<meta property=\"og:type\" content=\"article\" \/>\n<meta property=\"og:title\" content=\"Carlsbad Head Lice Treatment - North County - Lice Consultants and Associates\" \/>\n<meta property=\"og:description\" content=\"We effectively remove nits and their eggs in one visit to our comfortable salon. Our methods are painless, chemical free and proven to work. Call today!\" \/>\n<meta property=\"og:url\" content=\"https:\/\/www.lcasandiego.com\/staging\/overview-spanish\/\" \/>\n<meta property=\"og:site_name\" content=\"Lice Consultants and Associates in San Diego\" \/>\n<meta property=\"article:publisher\" content=\"https:\/\/www.facebook.com\/pages\/Lice-Clinics-of-America-San-Diego\/1542652075975113\" \/>\n<meta property=\"article:modified_time\" content=\"2022-01-28T01:04:18+00:00\" \/>\n<meta name=\"twitter:label1\" content=\"Est. reading time\" \/>\n\t<meta name=\"twitter:data1\" content=\"10 minutes\" \/>\n<script type=\"application\/ld+json\" class=\"yoast-schema-graph\">{\"@context\":\"https:\/\/schema.org\",\"@graph\":[{\"@type\":\"WebSite\",\"@id\":\"https:\/\/www.lcasandiego.com\/staging\/#website\",\"url\":\"https:\/\/www.lcasandiego.com\/staging\/\",\"name\":\"Lice Consultants and Associates in San Diego\",\"description\":\"Urgent Care for Lice Removal\",\"potentialAction\":[{\"@type\":\"SearchAction\",\"target\":{\"@type\":\"EntryPoint\",\"urlTemplate\":\"https:\/\/www.lcasandiego.com\/staging\/?s={search_term_string}\"},\"query-input\":\"required name=search_term_string\"}],\"inLanguage\":\"en\"},{\"@type\":\"WebPage\",\"@id\":\"https:\/\/www.lcasandiego.com\/staging\/overview-spanish\/#webpage\",\"url\":\"https:\/\/www.lcasandiego.com\/staging\/overview-spanish\/\",\"name\":\"Carlsbad Head Lice Treatment - North County - Lice Consultants and Associates\",\"isPartOf\":{\"@id\":\"https:\/\/www.lcasandiego.com\/staging\/#website\"},\"datePublished\":\"2015-03-04T18:11:08+00:00\",\"dateModified\":\"2022-01-28T01:04:18+00:00\",\"description\":\"We effectively remove nits and their eggs in one visit to our comfortable salon. Our methods are painless, chemical free and proven to work. Call today!\",\"breadcrumb\":{\"@id\":\"https:\/\/www.lcasandiego.com\/staging\/overview-spanish\/#breadcrumb\"},\"inLanguage\":\"en\",\"potentialAction\":[{\"@type\":\"ReadAction\",\"target\":[\"https:\/\/www.lcasandiego.com\/staging\/overview-spanish\/\"]}]},{\"@type\":\"BreadcrumbList\",\"@id\":\"https:\/\/www.lcasandiego.com\/staging\/overview-spanish\/#breadcrumb\",\"itemListElement\":[{\"@type\":\"ListItem\",\"position\":1,\"name\":\"Home\",\"item\":\"https:\/\/www.lcasandiego.com\/staging\/\"},{\"@type\":\"ListItem\",\"position\":2,\"name\":\"Clinica para eliminar piojos | Lice Consultants and Associates San Diego\"}]}]}<\/script>\n<!-- \/ Yoast SEO plugin. -->","yoast_head_json":{"title":"Carlsbad Head Lice Treatment - North County - Lice Consultants and Associates","description":"We effectively remove nits and their eggs in one visit to our comfortable salon. Our methods are painless, chemical free and proven to work. Call today!","robots":{"index":"index","follow":"follow","max-snippet":"max-snippet:-1","max-image-preview":"max-image-preview:large","max-video-preview":"max-video-preview:-1"},"canonical":"https:\/\/www.lcasandiego.com\/staging\/overview-spanish\/","og_locale":"en_US","og_type":"article","og_title":"Carlsbad Head Lice Treatment - North County - Lice Consultants and Associates","og_description":"We effectively remove nits and their eggs in one visit to our comfortable salon. Our methods are painless, chemical free and proven to work. Call today!","og_url":"https:\/\/www.lcasandiego.com\/staging\/overview-spanish\/","og_site_name":"Lice Consultants and Associates in San Diego","article_publisher":"https:\/\/www.facebook.com\/pages\/Lice-Clinics-of-America-San-Diego\/1542652075975113","article_modified_time":"2022-01-28T01:04:18+00:00","twitter_misc":{"Est. reading time":"10 minutes"},"schema":{"@context":"https:\/\/schema.org","@graph":[{"@type":"WebSite","@id":"https:\/\/www.lcasandiego.com\/staging\/#website","url":"https:\/\/www.lcasandiego.com\/staging\/","name":"Lice Consultants and Associates in San Diego","description":"Urgent Care for Lice Removal","potentialAction":[{"@type":"SearchAction","target":{"@type":"EntryPoint","urlTemplate":"https:\/\/www.lcasandiego.com\/staging\/?s={search_term_string}"},"query-input":"required name=search_term_string"}],"inLanguage":"en"},{"@type":"WebPage","@id":"https:\/\/www.lcasandiego.com\/staging\/overview-spanish\/#webpage","url":"https:\/\/www.lcasandiego.com\/staging\/overview-spanish\/","name":"Carlsbad Head Lice Treatment - North County - Lice Consultants and Associates","isPartOf":{"@id":"https:\/\/www.lcasandiego.com\/staging\/#website"},"datePublished":"2015-03-04T18:11:08+00:00","dateModified":"2022-01-28T01:04:18+00:00","description":"We effectively remove nits and their eggs in one visit to our comfortable salon. Our methods are painless, chemical free and proven to work. Call today!","breadcrumb":{"@id":"https:\/\/www.lcasandiego.com\/staging\/overview-spanish\/#breadcrumb"},"inLanguage":"en","potentialAction":[{"@type":"ReadAction","target":["https:\/\/www.lcasandiego.com\/staging\/overview-spanish\/"]}]},{"@type":"BreadcrumbList","@id":"https:\/\/www.lcasandiego.com\/staging\/overview-spanish\/#breadcrumb","itemListElement":[{"@type":"ListItem","position":1,"name":"Home","item":"https:\/\/www.lcasandiego.com\/staging\/"},{"@type":"ListItem","position":2,"name":"Clinica para eliminar piojos | Lice Consultants and Associates San Diego"}]}]}},"_links":{"self":[{"href":"https:\/\/www.lcasandiego.com\/staging\/wp-json\/wp\/v2\/pages\/617"}],"collection":[{"href":"https:\/\/www.lcasandiego.com\/staging\/wp-json\/wp\/v2\/pages"}],"about":[{"href":"https:\/\/www.lcasandiego.com\/staging\/wp-json\/wp\/v2\/types\/page"}],"author":[{"embeddable":true,"href":"https:\/\/www.lcasandiego.com\/staging\/wp-json\/wp\/v2\/users\/1"}],"replies":[{"embeddable":true,"href":"https:\/\/www.lcasandiego.com\/staging\/wp-json\/wp\/v2\/comments?post=617"}],"version-history":[{"count":15,"href":"https:\/\/www.lcasandiego.com\/staging\/wp-json\/wp\/v2\/pages\/617\/revisions"}],"predecessor-version":[{"id":17600,"href":"https:\/\/www.lcasandiego.com\/staging\/wp-json\/wp\/v2\/pages\/617\/revisions\/17600"}],"wp:attachment":[{"href":"https:\/\/www.lcasandiego.com\/staging\/wp-json\/wp\/v2\/media?parent=617"}],"curies":[{"name":"wp","href":"https:\/\/api.w.org\/{rel}","templated":true}]}}